ed by 79.
22
Calculate the remainder when 12078 is divided by 225.
153
Calculate the remainder when 80399 is divided by 191.
179
Calculate the remainder when 6611 is divided by 22.
11
What is the remainder when 83974 is divided by 43?
38
What is the remainder when 1283 is divided by 404?
71
What is the remainder when 23610 is divided by 621?
12
What is the remainder when 342698 is divided by 3327?
17
Calculate the remainder when 2329645 is divided by 97.
93
Calculate the remainder when 17265 is divided by 110.
105
Calculate the remainder when 106713 is divided by 9701.
2
Calculate the remainder when 47686 is divided by 262.
2
Calculate the remainder when 66105 is divided by 13221.
0
Calculate the remainder when 70294 is divided by 35144.
6
What is the remainder when 3629 is divided by 455?
444
What is the remainder when 2325 is divided by 43?
3
Calculate the remainder when 26056 is divided by 71.
70
Calculate the remainder when 69898 is divided by 20.
18
What is the remainder when 4290 is divided by 1691?
908
What is the remainder when 39762 is divided by 313?
11
What is the remainder when 5827 is divided by 5399?
428
What is the remainder when 2206 is divided by 100?
6
Calculate the remainder when 10501 is divided by 4975.
551
Calculate the remainder when 22057 is divided by 4279.
662
What is the remainder when 653221 is divided by 571?
568
What is the remainder when 353796 is divided by 18620?
16
Calculate the remainder when 1298 is divided by 429.
11
Calculate the remainder when 4346 is divided by 42.
20
Calculate the remainder when 1770 is divided by 437.
22
What is the remainder when 15720 is divided by 787?
767
What is the remainder when 350727 is divided by 11690?
27
Calculate the remainder when 42176 is divided by 10544.
0
Calculate the remainder when 55340 is divided by 428.
128
What is the remainder when 2472 is divided by 414?
402
What is the remainder when 3409 is divided by 117?
16
Calculate the remainder when 1067962 is divided by 533971.
20
Calculate the remainder when 24695 is divided by 24.
23
Calculate the remainder when 2268 is divided by 57.
45
What is the remainder when 16468619 is divided by 347?
346
What is the remainder when 37677 is divided by 24?
21
Calculate the remainder when 465404 is divided by 662.
18
What is the remainder when 22783 is divided by 256?
255
Calculate the remainder when 8652 is divided by 980.
812
What is the remainder when 3207 is divided by 1413?
381
Calculate the remainder when 3367 is divided by 192.
103
Calculate the remainder when 53739 is divided by 78.
75
Calculate the remainder when 215233 is divided by 107608.
17
Calculate the remainder when 18066 is divided by 899.
86
What is the remainder when 11956 is divided by 52?
48
What is the remainder when 24887 is divided by 415?
402
What is the remainder when 4017 is divided by 1339?
0
What is the remainder when 45316 is divided by 22584?
148
What is the remainder when 5111 is divided by 269?
0
What is the remainder when 4064 is divided by 8?
0
Calculate the remainder when 1947 is divided by 733.
481
What is the remainder when 27857 is divided by 1740?
17
Calculate the remainder when 2700 is divided by 667.
32
What is the remainder when 7445 is divided by 3719?
7
What is the remainder when 6048 is divided by 5713?
335
Calculate the remainder when 2679594 is divided by 525.
519
Calculate the remainder when 56181 is divided by 2447.
2347
Calculate the remainder when 1479 is divided by 826.
653
What is the remainder when 2062 is divided by 44?
38
Calculate the remainder when 14775 is divided by 1054.
19
Calculate the remainder when 721448 is divided by 120237.
26
Calculate the remainder when 9892 is divided by 3244.
160
What is the remainder when 17077 is divided by 898?
15
What is the remainder when 41851 is divided by 364?
355
What is the remainder when 185 is divided by 58?
11
What is the remainder when 493362 is divided by 61?
55
What is the remainder when 77250 is divided by 62?
60
What is the remainder when 900 is divided by 122?
46
Calculate the remainder when 481953 is divided by 102.
3
What is the remainder when 11735 is divided by 65?
35
What is the remainder when 227383 is divided by 113684?
15
What is the remainder when 5517 is divided by 69?
66
What is the remainder when 1442 is divided by 945?
497
What is the remainder when 133157 is divided by 86?
29
What is the remainder when 66872 is divided by 33434?
4
Calculate the remainder when 91099 is divided by 118.
3
Calculate the remainder when 108673 is divided by 104.
97
Calculate the remainder when 57404 is divided by 1063.
2
Calculate the remainder when 39397 is divided by 13132.
1
What is the remainder when 3898 is divided by 3871?
27
Calculate the remainder when 44457 is divided by 2.
1
What is the remainder when 1985 is divided by 576?
257
Calculate the remainder when 64797 is divided by 18.
15
What is the remainder when 43194 is divided by 73?
51
Calculate the remainder when 8480 is divided by 860.
740
What is the remainder when 1283910 is divided by 12839?
10
What is the remainder when 420383 is divided by 348?
347
Calculate the remainder when 4827 is divided by 1145.
247
What is the remainder when 15769 is divided by 2603?
151
Calculate the remainder when 94531 is divided by 11.
8
Calculate the remainder when 21458 is divided by 10724.
10
Calculate the remainder when 2602 is divided by 152.
18
Calculate the remainder when 192353 is divided by 261.
257
Calculate the remainder when 77863 is divided by 29.
27
What is the remainder when 268706 is divided by 78?
74
Calculate the remainder when 2314813 is divided by 32.
29
What is the remainder when 43426 is divided by 201?
10
Calculate the remainder when 23928 is divided by 150.
78
What is the remainder when 45331 is divided by 756?
727
What is the remainder when 58550 is divided by 457?
54
Calculate the remainder when 18318 is divided by 273.
27
What is the remainder when 829 is divided by 115?
24
Calculate the remainder when 3261 is divided by 16.
13
Calculate the remainder when 626634 is divided by 31.
0
What is the remainder when 148592 is divided by 13?
2
What is the remainder when 1961 is divided by 263?
120
What is the remainder when 240676 is divided by 120333?
10
Calculate the remainder when 365407 is divided by 304.
303
Calculate the remainder when 7938 is divided by 3.
0
What is the remainder when 2153 is divided by 546?
515
Calculate the remainder when 76526 is divided by 223.
37
Calculate the remainder when 1082 is divided by 345.
47
Calculate the remainder when 4202 is divided by 525.
2
Calculate the remainder when 70811 is divided by 681.
668
What is the remainder when 8360 is divided by 7297?
1063
What is the remainder when 733176 is divided by 64?
56
What is the remainder when 6642 is divided by 6642?
0
What is the remainder when 11967 is divided by 5978?
11
Calculate the remainder when 1374 is divided by 484.
406
What is the remainder when 872080 is divided by 185?
175
Calculate the remainder when 8454 is divided by 223.
203
What is the remainder when 365158 is divided by 40?
38
Calculate the remainder when 38410 is divided by 9597.
22
Calculate the remainder when 28375 is divided by 156.
139
What is the remainder when 29693 is divided by 48?
29
What is the remainder when 193266 is divided by 3?
0
What is the remainder when 1696271 is divided by 359?
355
Calculate the remainder when 5086 is divided by 1686.
28
Calculate the remainder when 77829 is divided by 376.
373
Calculate the remainder when 51027 is divided by 81.
78
Calculate the remainder when 1989492 is divided by 497373.
0
What is the remainder when 295 is divided by 232?
63
What is the remainder when 1484 is divided by 61?
20
Calculate the remainder when 246484 is divided by 82.
74
What is the remainder when 334143 is divided by 37?
33
Calculate the remainder when 44873 is divided by 69.
23
What is the remainder when 27537 is divided by 170?
167
What is the remainder when 32826 is divided by 89?
74
Calculate the remainder when 6825 is divided by 3.
0
Calculate the remainder when 2552 is divided by 2402.
150
Calculate the remainder when 1002738 is divided by 905.
903
Calculate the remainder when 177102 is divided by 44245.
122
Calculate the remainder w